uppose 2*r - 2280 = -4*y, -y + 4*r = -2*y + 577. Let z = y + -543. What is the highest common factor of z and 494?
26
Suppose 4425 = -6*t + 46*t + 19*t. What is the greatest common divisor of 435 and t?
15
Let g = -600 - -355. Let b = -107 - g. Suppose -2*p = -w - b, -5*w + 330 = p + 4*p. What is the greatest common factor of 34 and p?
34
Let s be (45/(-60))/((-6)/40). Suppose -s*r = 2*v - 5*v + 38, v = -3*r + 36. Suppose -19*w - 40 = -v*w. What is the greatest common divisor of w and 4?
4
Let t be (-690)/(-66) - (-36)/66. Suppose -19 - 2 = -3*k. Suppose k*v + 1296 = t*v. Calculate the greatest common factor of 36 and v.
36
Suppose -3*x + 8 = x. Let a be 480/(-100)*(-35)/x. Suppose 5*r + 112 = 2*l + 314, 4*l + a = 2*r. Calculate the highest common divisor of r and 16.
8
Suppose 0 = 14*s + 1338 - 5258. Suppose 5*i + s - 305 = 0. Calculate the greatest common factor of i and 45.
5
Suppose -3*s + 288 = -3*y, 4*y = -165*s + 166*s - 114. Let u = 8 - -22. What is the highest common factor of u and s?
30
Suppose -3*q - 2*q - 650 = 0. Let a = 4345 - 4545. Let b = q - a. What is the greatest common divisor of 28 and b?
14
Suppose 35*s = 25*s + 5530. Let n = -481 + s. Calculate the highest common factor of 504 and n.
72
Let m = -77 - -79. Suppose 5*f - 105 = m*r + 1023, -5*r = -5. Suppose -f - 194 = -4*u. Calculate the highest common divisor of u and 21.
21
Let v = 38 - 33. Suppose -v = -2*s + 3. Let p be 39 + -8 + s + -4. What is the greatest common divisor of 124 and p?
31
Suppose 0 = v + 2*c - 36, 265*c + 165 = 4*v + 266*c. What is the greatest common factor of 1650 and v?
6
Let b = 47 - -559. Calculate the greatest common factor of b and 6.
6
Let f(n) = -701*n - 17085. Let c be f(-25). What is the greatest common divisor of c and 4015?
55
Suppose -4*a - 30*t = -31*t - 42, 4*t = -3*a + 22. Suppose 0 = -3*b - 3*c + 2196, 3*c - 1466 = b - 3*b. Calculate the highest common divisor of b and a.
10
Suppose -3*t + 9*t - 84*t + 286650 = 0. Calculate the highest common factor of t and 84.
21
Suppose 0 = 2*y + 8, 3*x + 8*y = 10*y + 2054. Calculate the highest common divisor of x and 20801.
341
Suppose -78*s + 381568 = -131*s + 117*s. Calculate the greatest common divisor of s and 110.
22
Suppose 39931 - 1824 = 28*a - 66137. What is the greatest common divisor of 438 and a?
219
Let k(c) = c**3 + c**2 - 3*c + 4. Let f be k(3). Suppose -f = 2*g - 3*g. Suppose 7*b - 1296 = -428. What is the highest common factor of b and g?
31
Let d = 39 + 927. Let x be -6 + d/(12 - 5). What is the highest common factor of x and 176?
44
Let j(n) = 3*n - 58. Let i be j(27). Suppose 750 = 5*d - 2*d + 3*f, 0 = 3*f - 6. Let c = 363 - d. Calculate the highest common divisor of i and c.
23
Let c(h) be the third derivative of -7*h**4/6 + 145*h**3/6 + 107*h**2. Let o be c(5). What is the greatest common factor of 19 and o?
1
Let k(f) = f**3 - 29*f**2 + 42*f - 347. Let o be k(28). Calculate the greatest common factor of o and 110.
5
Let s be (-8720)/(-13) + 63/273. What is the highest common factor of 55 and s?
11
Let v = -6100 + 6060. Let a(b) = 3*b**2 + 9*b + 10. Let t be a(-7). Let u = t + v. What is the greatest common factor of 81 and u?
27
Let l = -13461 - -13569. What is the highest common divisor of 2538 and l?
54
Let z(b) = 60*b**3 - 5*b**2 + 3*b - 3. Let m be z(1). What is the highest common divisor of 7095 and m?
55
Let d(y) = -y**3 - 19*y**2 + 23*y - 36. Let m be d(-23). What is the highest common factor of m and 94?
47
Let w(k) = -23*k + 228. Let y be w(8). What is the highest common factor of 6 and y?
2
Let y = 206 + -207. Let o be (-18 + y)*((-18)/3 + 5). What is the highest common divisor of o and 95?
19
Let l = 28 - -50. Let n = 98 - l. Suppose 3*d - 35 = -f, 0 = 3*d - f - 21 - 4. What is the highest common divisor of n and d?
10
Suppose -p - d + 327 = 0, -p = -d - 117 - 204. Let q be (-135)/20*(-16)/6. Calculate the highest common factor of q and p.
18
Let i = 11453 - 3294. Calculate the greatest common divisor of i and 398.
199
Let b be 248*((-161)/(-28) - 5 - 0). What is the highest common divisor of b and 66?
6
Let m(z) = z**3 + 11*z**2 + 6*z - 5. Let g be m(-10). Suppose 481*c - 475*c = 42. Calculate the greatest common divisor of g and c.
7
Suppose -52 - 4 = -4*m. Let z(j) = j + 6. Let o be z(-6). Let p be m + (o - (1 + 3)). Calculate the greatest common divisor of p and 40.
10
Suppose n = 3*i - 1079, -i + n = -80 - 277. What is the greatest common factor of i and 589?
19
Let g = 18073 - 17941. Calculate the greatest common factor of 20372 and g.
44
Let r(b) be the second derivative of 5*b**4/12 - b**3/6 - 13*b**2/2 - 3*b - 3. Let q be r(-3). What is the greatest common factor of q and 21?
7
Let b be (18/(-30))/(1272/(-180) - -7). What is the greatest common factor of b and 1296?
9
Let j = -1159 + 1483. Let h be ((-21)/35)/(3/(-60)). What is the greatest common divisor of j and h?
12
Let r = 124 + -324. Let j = -80 - r. Suppose 108 = -o + j. Calculate the greatest common divisor of o and 156.
12
Suppose 0 = -3*r + j + 6034, 8037 = -14*r + 18*r - 3*j. Calculate the highest common divisor of r and 66.
33
Suppose -13*f = -20*f + 126. Let z be 1*(81 + f/(-3)). Calculate the highest common divisor of 3 and z.
3
Let v(a) = -a**3 + 18*a**2 - 13*a + 20. Let l be v(17). Let f be (l/(-28) + 1)*-7. Calculate the highest common divisor of 5 and f.
5
Suppose 4*z = -8, -x + 4*z + 1589 = 73. What is the greatest common factor of x and 260?
52
Let v(y) = -4*y - 135. Let x be v(-36). Calculate the greatest common factor of 155 and x.
1
Let p = 20937 - 20357. Calculate the greatest common divisor of p and 319.
29
Let j = -933 - -900. Let p = j + 163. Calculate the greatest common factor of p and 80.
10
Let w(p) = -84*p + 1. Let n be w(-1). Let l = -42313 - -42338. What is the highest common divisor of l and n?
5
Suppose -233*k = 2*o - 235*k - 32, -4*o + 56 = -3*k. Let d = -173 - -325. Calculate the highest common factor of o and d.
8
Let c(t) = 13*t**2 - 109*t + 870. Let f be c(8). Calculate the greatest common divisor of 80 and f.
10
Let j(h) = -203*h - 1973. Let v be j(-10). Calculate the greatest common factor of v and 2774.
19
Suppose 8*f + 2*f - 40 = 0. Suppose 5*t + g = 26, -f*t = -g + 2*g - 20. Let u be t*(-8)/12 + 24. What is the greatest common divisor of u and 80?
20
Let o be 234/13 - (-9122)/1. Calculate the highest common factor of o and 20.
20
Let n be 12*3/2 + 5 - 4. Let d(l) = 3*l - 33. Let t be d(n). What is the greatest common divisor of 32 and t?
8
Let m be 14570/30 + (-2)/3. Suppose 3*l = -2*o + 295, 0 = -12*l - 3*o + 775 + 395. Calculate the greatest common divisor of l and m.
97
Let x = -1185 + 899. Let j = 450 + x. What is the highest common factor of j and 4?
4
Let m(k) = 3*k - 3*k - 3*k + 4*k + 4 - k**2. Let r be m(3). Let c be r + 4/(12/129) + 1. What is the highest common factor of c and 28?
14
Let u(j) = -3*j**3 + 2*j**2 - 3*j. Let q = -2 - 1. Let d be u(q). Let a(l) = 611*l + 2456. Let f be a(-4). Calculate the greatest common divisor of d and f.
12
Suppose -14*i + 16*i = 1248. Let z = i - 619. What is the greatest common divisor of 35 and z?
5
Suppose -5*g + 22 = 6*g. Suppose -2*z + 167 = -4*m - m, -z + 85 = -g*m. What is the highest common divisor of z and 13?
13
Suppose -12 = 2*h - 0*y - 4*y, 4*y - 20 = 0. Let j be ((-4495)/62)/((-1)/h). What is the greatest common factor of 20 and j?
10
Suppose 5*a - 1304 = -4*v, -2*v = 3*a - 475 - 179. Let b = v - 288. Suppose 33 = 3*l - 0*l. What is the greatest common divisor of b and l?
11
Suppose 5*u + 273 = 2*r + 55, 0 = -5*r + u + 499. Suppose -33 - 5 = -2*o - z, -3*z = 3*o - 60. What is the greatest common divisor of r and o?
9
Let w(j) = -j**3 - 7*j**2 + 20*j - 75. Let g be w(-11). Calculate the greatest common factor of g and 14.
7
Let v be ((-3)/(-2))/(1/34). Let x = 31514 - 31293. What is the greatest common factor of v and x?
17
Let i be (-3)/3*(242 + 1). Let y = i + 251. Calculate the greatest common divisor of y and 10.
2
Let c = -2498 + 2512. Suppose 13 - 34 = 3*z. Let h be (-110)/1*z/c. What is the greatest common factor of h and 11?
11
Let h(t) = -t**3 - 19*t**2 + 40*t + 890. Let w be h(-19). Suppose -d = b - 54, -2*d - 5*b + 218 = 2*d. What is the highest common divisor of d and w?
26
Let i be 3 